
What are the prime factors of 85424?
2, 19, 281
What are the prime factors of 430?
2, 5, 43
What are the prime factors of 14217?
3, 7, 677
List the prime factors of 128.
2
What are the prime factors of 2061?
3, 229
List the prime factors of 45055.
5, 9011
List the prime factors of 89450.
2, 5, 1789
List the prime factors of 1346.
2, 673
List the prime factors of 1571.
1571
List the prime factors of 31537.
11, 47, 61
List the prime factors of 100.
2, 5
List the prime factors of 28530.
2, 3, 5, 317
What are the prime factors of 10000?
2, 5
What are the prime factors of 6052?
2, 17, 89
List the prime factors of 11649.
3, 11, 353
List the prime factors of 1875.
3, 5
List the prime factors of 5819.
11, 23
What are the prime factors of 6304?
2, 197
List the prime factors of 7706.
2, 3853
List the prime factors of 1099.
7, 157
What are the prime factors of 20327?
20327
List the prime factors of 14050.
2, 5, 281
List the prime factors of 1822.
2, 911
What are the prime factors of 13572?
2, 3, 13, 29
What are the prime factors of 13379?
17, 787
What are the prime factors of 6176?
2, 193
What are the prime factors of 13865?
5, 47, 59
List the prime factors of 1870.
2, 5, 11, 17
What are the prime factors of 4318?
2, 17, 127
List the prime factors of 12.
2, 3
What are the prime factors of 11520?
2, 3, 5
What are the prime factors of 58113?
3, 11, 587
What are the prime factors of 10755?
3, 5, 239
List the prime factors of 60879.
3, 7, 13, 223
What are the prime factors of 14995?
5, 2999
List the prime factors of 12151.
29, 419
What are the prime factors of 53921?
7, 7703
List the prime factors of 6210.
2, 3, 5, 23
List the prime factors of 51721.
51721
List the prime factors of 123231.
3, 41077
What are the prime factors of 10024?
2, 7, 179
List the prime factors of 20441.
20441
What are the prime factors of 18888?
2, 3, 787
What are the prime factors of 594?
2, 3, 11
What are the prime factors of 1180?
2, 5, 59
What are the prime factors of 990?
2, 3, 5, 11
What are the prime factors of 19980?
2, 3, 5, 37
List the prime factors of 15790.
2, 5, 1579
List the prime factors of 280.
2, 5, 7
What are the prime factors of 15511?
15511
What are the prime factors of 2562?
2, 3, 7, 61
List the prime factors of 9269.
13, 23, 31
List the prime factors of 800.
2, 5
What are the prime factors of 21620?
2, 5, 23, 47
List the prime factors of 17805.
3, 5, 1187
List the prime factors of 86300.
2, 5, 863
List the prime factors of 1364.
2, 11, 31
What are the prime factors of 23707?
151, 157
What are the prime factors of 2735?
5, 547
List the prime factors of 24074.
2, 12037
What are the prime factors of 13104?
2, 3, 7, 13
What are the prime factors of 182?
2, 7, 13
List the prime factors of 102818.
2, 101, 509
What are the prime factors of 3130?
2, 5, 313
What are the prime factors of 59371?
13, 4567
What are the prime factors of 2588?
2, 647
What are the prime factors of 2787?
3, 929
What are the prime factors of 362?
2, 181
List the prime factors of 15030.
2, 3, 5, 167
What are the prime factors of 282?
2, 3, 47
What are the prime factors of 571?
571
What are the prime factors of 4594?
2, 2297
What are the prime factors of 7219?
7219
What are the prime factors of 2009?
7, 41
List the prime factors of 32180.
2, 5, 1609
List the prime factors of 1581.
3, 17, 31
What are the prime factors of 10743?
3, 3581
What are the prime factors of 380?
2, 5, 19
What are the prime factors of 128630?
2, 5, 19, 677
What are the prime factors of 1808?
2, 113
List the prime factors of 824.
2, 103
List the prime factors of 8103.
3, 37, 73
What are the prime factors of 2246?
2, 1123
What are the prime factors of 105?
3, 5, 7
What are the prime factors of 2302?
2, 1151
List the prime factors of 22165.
5, 11, 13, 31
What are the prime factors of 1172?
2, 293
What are the prime factors of 2684?
2, 11, 61
List the prime factors of 8426.
2, 11, 383
List the prime factors of 9898.
2, 7, 101
What are the prime factors of 7701?
3, 17, 151
List the prime factors of 96520.
2, 5, 19, 127
What are the prime factors of 119639?
13, 9203
What are the prime factors of 320?
2, 5
What are the prime factors of 1135?
5, 227
What are the prime factors of 7309?
7309
List the prime factors of 85661.
85661
List the prime factors of 178.
2, 89
List the prime factors of 753.
3, 251
What are the prime factors of 13264?
2, 829
What are the prime factors of 1685?
5, 337
List the prime factors of 18911.
18911
List the prime factors of 135.
3, 5
What are the prime factors of 10288?
2, 643
What are the prime factors of 971?
971
List the prime factors of 24401.
13, 1877
List the prime factors of 2178.
2, 3, 11
List the prime factors of 1420.
2, 5, 71
What are the prime factors of 5820?
2, 3, 5, 97
List the prime factors of 63172.
2, 17, 929
What are the prime factors of 9000?
2, 3, 5
List the prime factors of 87805.
5, 17, 1033
List the prime factors of 7066.
2, 3533
What are the prime factors of 11957?
11, 1087
List the prime factors of 6802.
2, 19, 179
What are the prime factors of 31615?
5, 6323
What are the prime factors of 15785?
5, 7, 11, 41
What are the prime factors of 56273?
7, 8039
List the prime factors of 5844.
2, 3, 487
List the prime factors of 5939.
5939
What are the prime factors of 567?
3, 7
List the prime factors of 5219.
17, 307
List the prime factors of 66440.
2, 5, 11, 151
List the prime factors of 243.
3
List the prime factors of 21953.
29, 757
List the prime factors of 20068.
2, 29, 173
List the prime factors of 3572.
2, 19, 47
List the prime factors of 67043.
67043
What are the prime factors of 179?
179
List the prime factors of 22834.
2, 7, 233
What are the prime factors of 1657?
1657
What are the prime factors of 66458?
2, 7, 47, 101
List the prime factors of 529.
23
List the prime factors of 2544.
2, 3, 53
What are the prime factors of 2933?
7, 419
What are the prime factors of 3?
3
List the prime factors of 8883.
3, 7, 47
List the prime factors of 227.
227
What are the prime factors of 123814?
2, 31, 1997
List the prime factors of 1111.
11, 101
What are the prime factors of 1292?
2, 17, 19
List the prime factors of 4538.
2, 2269
What are the prime factors of 513?
3, 19
List the prime factors of 51819.
3, 23, 751
What are the prime factors of 124?
2, 31
List the prime factors of 4702.
2, 2351
List the prime factors of 6859.
19
What are the prime factors of 4224?
2, 3, 11
What are the prime factors of 127707?
3, 42569
List the prime factors of 109594.
2, 37, 1481
List the prime factors of 1024.
2
List the prime factors of 1362.
2, 3, 227
What are the prime factors of 4285?
5, 857
What are the prime factors of 8161?
8161
What are the prime factors of 850?
2, 5, 17
What are the prime factors of 4542?
2, 3, 757
What are the prime factors of 1669?
1669
List the prime factors of 3147.
3, 1049
What are the prime factors of 6619?
6619
List the prime factors of 3755.
5, 751
What are the prime factors of 223?
223
List the prime factors of 778.
2, 389
What are the prime factors of 943?
23, 41
What are the prime factors of 890?
2, 5, 89
What are the prime factors of 42280?
2, 5, 7, 151
List the prime factors of 552.
2, 3, 23
What are the prime factors of 68552?
2, 11, 19, 41
What are the prime factors of 48537?
3, 5393
List the prime factors of 8952.
2, 3, 373
List the prime factors of 4809.
3, 7, 229
What are the prime factors of 9697?
9697
What are the prime factors of 31045?
5, 7, 887
List the prime factors of 4794.
2, 3, 17, 47
What are the prime factors of 1109?
1109
List the prime factors of 2719.
2719
List the prime factors of 50.
2, 5
What are the prime factors of 5734?
2, 47, 61
What are the prime factors of 535?
5, 107
List the prime factors of 24156.
2, 3, 11, 61
List the prime factors of 13576.
2, 1697
List the prime factors of 80835.
3, 5, 17, 317
What are the prime factors of 118?
2, 59
What are the prime factors of 1414?
2, 7, 101
List the prime factors of 531.
3, 59
List the prime factors of 19525.
5, 11, 71
List the prime factors of 95107.
95107
List the prime factors of 61393.
29, 73
What are the prime factors of 2227?
17, 131
What are the prime factors of 676?
2, 13
List the prime factors of 14053.
13, 23, 47
List the prime factors of 94862.
2, 47431
List the prime factors of 2388.
